 of 5902?
False
Is 55 a factor of 19910?
True
Is 2912 a multiple of 32?
True
Does 5 divide 240?
True
Is 1284 a multiple of 35?
False
Does 172 divide 39044?
True
Is 50 a factor of 1027?
False
Is 11 a factor of 97876?
False
Does 5 divide 85?
True
Is 1066 a multiple of 26?
True
Does 91 divide 4641?
True
Does 101 divide 5252?
True
Does 33 divide 34617?
True
Does 35 divide 8671?
False
Is 8 a factor of 21911?
False
Does 6 divide 320?
False
Is 8639 a multiple of 41?
False
Is 1076 a multiple of 53?
False
Is 8 a factor of 4248?
True
Is 2760 a multiple of 9?
False
Does 27 divide 54?
True
Does 175 divide 4844?
False
Is 2 a factor of 350?
True
Is 8 a factor of 2064?
True
Is 61 a factor of 17640?
False
Is 1632 a multiple of 12?
True
Does 52 divide 36868?
True
Is 21 a factor of 15266?
False
Does 29 divide 1711?
True
Is 5693 a multiple of 43?
False
Is 11 a factor of 869?
True
Does 9 divide 842?
False
Is 832 a multiple of 26?
True
Does 44 divide 5774?
False
Is 13 a factor of 1521?
True
Is 14 a factor of 560?
True
Does 8 divide 144?
True
Does 13 divide 16838?
False
Is 23 a factor of 1633?
True
Is 14 a factor of 12838?
True
Is 354 a factor of 3918?
False
Does 101 divide 4273?
False
Is 15 a factor of 35703?
False
Is 144251 a multiple of 67?
True
Does 30 divide 30?
True
Does 3 divide 803?
False
Does 107 divide 8667?
True
Does 9 divide 35064?
True
Is 105685 a multiple of 45?
False
Is 22 a factor of 4136?
True
Does 35 divide 478?
False
Is 2025 a multiple of 108?
False
Is 69 a factor of 1932?
True
Is 68364 a multiple of 20?
False
Does 22 divide 692?
False
Is 528 a multiple of 44?
True
Is 21 a multiple of 8?
False
Is 57 a factor of 6256?
False
Is 53 a factor of 4028?
True
Is 4146 a multiple of 24?
False
Is 5720 a multiple of 40?
True
Does 14 divide 23059?
False
Does 2 divide 164?
True
Is 740 a multiple of 20?
True
Is 81 a factor of 9292?
False
Does 56 divide 3908?
False
Is 3767 a multiple of 12?
False
Does 7 divide 6732?
False
Is 35 a factor of 134680?
True
Is 1304 a multiple of 46?
False
Is 51 a multiple of 51?
True
Is 21 a factor of 819?
True
Is 651 a multiple of 4?
False
Is 2652 a multiple of 62?
False
Does 98 divide 16856?
True
Is 7 a multiple of 5?
False
Is 6 a factor of 313?
False
Is 466 a multiple of 3?
False
Does 11 divide 165?
True
Is 1606 a multiple of 73?
True
Is 6 a factor of 50178?
True
Does 8 divide 3032?
True
Is 1063 a multiple of 40?
False
Does 114 divide 10032?
True
Does 18 divide 49483?
False
Does 17 divide 2642?
False
Is 2764 a multiple of 8?
False
Is 7192 a multiple of 29?
True
Is 52 a factor of 11700?
True
Is 8 a factor of 11216?
True
Does 13 divide 681?
False
Is 75 a factor of 1216?
False
Is 16744 a multiple of 4?
True
Is 3132 a multiple of 27?
True
Is 1884 a multiple of 12?
True
Is 54350 a multiple of 45?
False
Is 8 a factor of 152?
True
Is 30 a multiple of 3?
True
Is 1334 a multiple of 9?
False
Is 10 a factor of 586?
False
Is 14229 a multiple of 93?
True
Does 101 divide 15049?
True
Is 39 a multiple of 3?
True
Does 26 divide 4160?
True
Is 2075 a multiple of 4?
False
Is 84 a factor of 3528?
True
Is 1726 a multiple of 13?
False
Is 210 a multiple of 6?
True
Does 12 divide 16841?
False
Is 65385 a multiple of 33?
False
Is 37 a factor of 51585?
False
Does 3 divide 106?
False
Is 4 a factor of 1041?
False
Is 14 a factor of 12002?
False
Is 210 a factor of 58523?
False
Is 60962 a multiple of 163?
True
Does 77 divide 309?
False
Is 24487 a multiple of 40?
False
Does 30 divide 1260?
True
Is 600 a multiple of 12?
True
Does 4 divide 61?
False
Does 126 divide 24192?
True
Is 325 a multiple of 25?
True
Is 2387 a multiple of 76?
False
Is 41 a factor of 11734?
False
Is 3014 a multiple of 2?
True
Is 141 a factor of 42582?
True
Does 70 divide 29050?
True
Is 584 a multiple of 4?
True
Does 15 divide 15841?
False
Is 15 a factor of 126?
False
Is 2457 a multiple of 15?
False
Does 82 divide 35306?
False
Is 28 a factor of 4648?
True
Does 10 divide 499?
False
Is 8 a factor of 1584?
True
Is 9 a factor of 6957?
True
Is 728 a multiple of 56?
True
Does 53 divide 2849?
False
Is 17 a factor of 818?
False
Is 12519 a multiple of 39?
True
Is 15 a factor of 4221?
False
Is 69 a factor of 552?
True
Does 5 divide 4174?
False
Is 189 a factor of 55032?
False
Does 141 divide 3666?
True
Does 15 divide 1600?
False
Is 34 a factor of 8214?
False
Is 138 a multiple of 3?
True
Is 102 a factor of 30511?
False
Does 40 divide 437?
False
Does 23 divide 299?
True
Does 29 divide 6190?
False
Is 11 a factor of 455?
False
Is 4331 a multiple of 34?
False
Is 2773 a multiple of 79?
False
Is 12 a factor of 4012?
False
Is 13 a factor of 193?
False
Is 1442 a multiple of 3?
False
Does 17 divide 5152?
False
Is 15 a multiple of 5?
True
Is 5 a factor of 480?
True
Does 38 divide 415?
False
Is 2009 a multiple of 8?
False
Does 100 divide 900?
True
Is 5940 a multiple of 9?
True
Is 18 a factor of 251?
False
Is 49 a factor of 575?
False
Does 19 divide 29089?
True
Is 6 a factor of 378?
True
Is 88 a multiple of 3?
False
Is 17348 a multiple of 74?
False
Is 1961 a multiple of 36?
False
Is 17 a factor of 100595?
False
Does 45 divide 5715?
True
Is 14 a factor of 52010?
True
Is 44 a factor of 853?
False
Does 16 divide 6448?
True
Does 18 divide 5747?
False
Does 7 divide 134?
False
Does 36 divide 24540?
False
Is 527 a multiple of 5?
False
Does 25 divide 2207?
False
Does 90 divide 3420?
True
Does 219 divide 58722?
False
Does 21 divide 3087?
True
Is 114 a multiple of 6?
True
Is 494 a multiple of 13?
True
Does 8 divide 5539?
False
Is 7 a factor of 1106?
True
Is 976 a multiple of 7?
False
Is 17 a factor of 256?
False
Is 10 a factor of 290?
True
Does 18 divide 18432?
True
Is 416 even?
True
Is 737 a multiple of 11?
True
Is 3120 a multiple of 104?
True
Is 9341 a multiple of 17?
False
Does 11 divide 589?
False
Does 13 divide 3367?
True
Is 1366 a multiple of 26?
False
Does 42 divide 3402?
True
Is 600 a multiple of 8?
True
Is 9255 a multiple of 7?
False
Is 28 a factor of 1351?
False
Is 60 a factor of 1380?
True
Is 9752 a multiple of 12?
False
Does 186 divide 10788?
True
Does 48 divide 9072?
True
Does 312 divide 73944?
True
Does 45 divide 585?
True
Does 5 divide 573?
False
Is 426 a multiple of 71?
True
Is 15 a factor of 26629?
False
Is 552 a multiple of 35?
False
Is 2 a factor of 83?
False
Is 5900 a multiple of 5?
True
Is 15 a factor of 11542?
False
Is 19557 a multiple of 123?
True
Is 274 a multiple of 137?
True
Is 1406 a multiple of 66?
False
Does 40 divide 2480?
True
Is 12720 a multiple of 23?
False
Is 15152 a multiple of 8?
True
Does 36 divide 649?
False
Is 10252 a multiple of 131?
False
Does 31 divide 71734?
True
Does 33 divide 594?
True
Is 35 a factor of 991?
False
Does 26 divide 3848?
True
Does 99 divide 20790?
True
Is 78 a factor of 858?
True
Does 3 divide 471?
True
Does 12 divide 6588?
True
Is 78231 a multiple of 89?
True
Is 42 a factor of 386?
False
Is 6039 a multiple of 99?
True
Is 484 a multiple of 28?
False
Is 9 a factor of 144?
True
Does 3 divide 285?
True
Is 22 a factor of 374?
True
Is 73 a factor of 1168?
True
Is 4 a factor of 516?
True
Is 9 a factor of 279?
True
Does 14 divide 574?
True
Is 1472 a multiple of 8?
True
Is 202 a factor of 26715?
False
Does 32 divide 500?
False
Does 22 divide 948?
False
Is 1862 a multiple of 31?
False
Is 7 a factor of 7686?
True
Is 171 a multiple of 19?
True
Is 40 a factor of 2309?
False
Does 5 divide 1200?
True
Is 12638 a multiple of 10?
False
Is 3 a factor of 281?
False
Is 7 a factor of 3836?
True
Is 2384 a multiple of 44?
False
Is 44491 a multiple of 12?
False
Is 1131 a multiple of 29?
True
Does 9 divide 135?
True
Is 181 a factor of 31313?
True
Does 16 divide 3392?
True
Is 21 a factor of 20689?
False
Is 9464 a multiple of 52?
True
Is 36 a factor of 5231?
False
Does 56 divide 3472?
True
Is 7 a factor of 61403?
False
Is 75159 a multiple of 21?
True
Does 7 divide 798?
True
Is 10114 a multiple of 13?
True
Is 187 a factor of 15147?
True
Does 60 divide 644?
False
Does 2 divide 9391?
False
Is 358 a factor of 4654?
True
Does 3 divide 442?
False
Is 7138 a multiple of 8?
False
Is 3010 a multiple of 10?
True
Is 2 a factor of 400?
True
Does 3 divide 726?
True
Is 7418 a multiple of 149?
False
Is 32 a factor of 992?
True
Does 39 divide 2053?
False
Does 160 divide 43360?
True
Is 11 a factor of 1014?
Fal